{"id":20,"date":"2025-07-14T16:43:59","date_gmt":"2025-07-14T13:43:59","guid":{"rendered":"https:\/\/securitateincendiu.ro\/?page_id=20"},"modified":"2025-07-31T14:31:34","modified_gmt":"2025-07-31T11:31:34","slug":"contact","status":"publish","type":"page","link":"https:\/\/securitateincendiu.ro\/index.php\/contact\/","title":{"rendered":"Contact"},"content":{"rendered":"\n<p class=\"has-foreground-color has-text-color has-link-color wp-elements-cf240734ee300b871f4e08ea513a8a36\">\ud83d\udcde <strong>Suntem aici pentru tine!<\/strong><\/p>\n\n\n\n<p class=\"has-footer-bg-color has-text-color has-link-color wp-elements-ee230fef1338d6d146ca32d6dcd6d466\">Ai nevoie de consultan\u021b\u0103, ofert\u0103 personalizat\u0103 sau informa\u021bii suplimentare? Contacteaz\u0103-ne cu \u00eencredere folosind datele de mai jos sau formularul de contact.<\/p>\n\n\n\n<hr class=\"wp-block-separator has-alpha-channel-opacity\"\/>\n\n\n\n<p class=\"has-foreground-color has-text-color has-link-color wp-elements-5ff44ba488b87d8860429fa9f5ba8b3b\">\ud83d\udd37 <strong>Date de contact:<\/strong><\/p>\n\n\n\n<ul class=\"wp-block-list\">\n<li class=\"has-foreground-color has-text-color has-link-color wp-elements-d6269a835e56059edc2891369cfcb497\"><strong>Companie: S.C. INFOPACK TOTAL S.R.L.<\/strong><\/li>\n\n\n\n<li class=\"has-foreground-color has-text-color has-link-color wp-elements-b7bf405a317ac956c311475e68d30fe1\"><strong>Telefon<\/strong>: <a href=\"tel:0740603324\"><strong>0740 603 324<\/strong><\/a><\/li>\n\n\n\n<li class=\"has-foreground-color has-text-color has-link-color wp-elements-6b4c0e764ee572635d507393b0d175f0\"><strong>Email:<\/strong> <a class=\"\" href=\"mailto:bogdan_tip@yahoo.com\"><strong>bogdan_tip@yahoo.com<\/strong><\/a><\/li>\n\n\n\n<li class=\"has-foreground-color has-text-color has-link-color wp-elements-330e31d34bcb1a57359f64682d55b045\"><strong>Adres\u0103:<\/strong> <strong><a href=\"https:\/\/maps.app.goo.gl\/4rYK51A9gJmyL52M6\" data-type=\"link\" data-id=\"https:\/\/maps.app.goo.gl\/4rYK51A9gJmyL52M6\">I.C. Br\u0103tianu nr. 1, Boto\u0219ani<\/a><\/strong><\/li>\n<\/ul>\n\n\n\n<hr class=\"wp-block-separator has-alpha-channel-opacity\"\/>\n\n\n\n<p class=\"has-foreground-color has-text-color has-link-color wp-elements-0b05c7a4ec7204db054745432d8b9538\">\ud83d\udd51 <strong>Program de lucru:<\/strong><\/p>\n\n\n\n<ul class=\"wp-block-list\">\n<li class=\"has-foreground-color has-text-color has-link-color wp-elements-83d4aca45e7d4eb4bb547b56ce13f372\"><strong>Luni \u2013 Vineri: 08:00 \u2013 16:00<\/strong><\/li>\n<\/ul>\n\n\n\n<div class=\"wp-block-contact-form-7-contact-form-selector\">\n<div class=\"wpcf7 no-js\" id=\"wpcf7-f19-o1\" lang=\"ro-RO\" dir=\"ltr\" data-wpcf7-id=\"19\">\n<div class=\"screen-reader-response\"><p role=\"status\" aria-live=\"polite\" aria-atomic=\"true\"><\/p> <ul><\/ul><\/div>\n<form action=\"\/index.php\/wp-json\/wp\/v2\/pages\/20#wpcf7-f19-o1\" method=\"post\" class=\"wpcf7-form init\" aria-label=\"Formular de contact\" novalidate=\"novalidate\" data-status=\"init\">\n<fieldset class=\"hidden-fields-container\"><input type=\"hidden\" name=\"_wpcf7\" value=\"19\" \/><input type=\"hidden\" name=\"_wpcf7_version\" value=\"6.1\" \/><input type=\"hidden\" name=\"_wpcf7_locale\" value=\"ro_RO\" \/><input type=\"hidden\" name=\"_wpcf7_unit_tag\" value=\"wpcf7-f19-o1\" \/><input type=\"hidden\" name=\"_wpcf7_container_post\" value=\"0\" \/><input type=\"hidden\" name=\"_wpcf7_posted_data_hash\" value=\"\" \/>\n<\/fieldset>\n<p><label> Nume complet<br \/>\n<span class=\"wpcf7-form-control-wrap\" data-name=\"your-name\"><input size=\"40\" maxlength=\"400\" class=\"wpcf7-form-control wpcf7-text wpcf7-validates-as-required\" autocomplete=\"name\" aria-required=\"true\" aria-invalid=\"false\" value=\"\" type=\"text\" name=\"your-name\" \/><\/span> <\/label>\n<\/p>\n<p><label> Telefon<br \/>\n<span class=\"wpcf7-form-control-wrap\" data-name=\"your-phone\"><input size=\"40\" maxlength=\"400\" class=\"wpcf7-form-control wpcf7-tel wpcf7-validates-as-required wpcf7-text wpcf7-validates-as-tel\" autocomplete=\"tel\" aria-required=\"true\" aria-invalid=\"false\" value=\"\" type=\"tel\" name=\"your-phone\" \/><\/span> <\/label>\n<\/p>\n<p><label> Adresa ta de email<br \/>\n<span class=\"wpcf7-form-control-wrap\" data-name=\"your-email\"><input size=\"40\" maxlength=\"400\" class=\"wpcf7-form-control wpcf7-email wpcf7-validates-as-required wpcf7-text wpcf7-validates-as-email\" autocomplete=\"email\" aria-required=\"true\" aria-invalid=\"false\" value=\"\" type=\"email\" name=\"your-email\" \/><\/span> <\/label>\n<\/p>\n<p><label> Serviciu dorit<br \/>\n<span class=\"wpcf7-form-control-wrap\" data-name=\"your-service\"><select class=\"wpcf7-form-control wpcf7-select wpcf7-validates-as-required\" aria-required=\"true\" aria-invalid=\"false\" name=\"your-service\"><option value=\"Te rugam alege una din optiuni\">Te rugam alege una din optiuni<\/option><option value=\"Instala\u021bii stingere incendiu\">Instala\u021bii stingere incendiu<\/option><option value=\"Supraveghere video\">Supraveghere video<\/option><option value=\"Detec\u021bie efrac\u021bie\">Detec\u021bie efrac\u021bie<\/option><option value=\"Detec\u021bie incendiu\">Detec\u021bie incendiu<\/option><option value=\"Control acces\">Control acces<\/option><option value=\"Proiectare instala\u021bii PSI\">Proiectare instala\u021bii PSI<\/option><option value=\"Scenariu securitate incendiu\">Scenariu securitate incendiu<\/option><option value=\"Consultan\u021b\u0103 avize ISU\">Consultan\u021b\u0103 avize ISU<\/option><option value=\"Alt serviciu\">Alt serviciu<\/option><\/select><\/span> <\/label>\n<\/p>\n<p><label> Mesajul t\u0103u<br \/>\n<span class=\"wpcf7-form-control-wrap\" data-name=\"your-message\"><textarea cols=\"40\" rows=\"10\" maxlength=\"2000\" class=\"wpcf7-form-control wpcf7-textarea wpcf7-validates-as-required\" aria-required=\"true\" aria-invalid=\"false\" name=\"your-message\"><\/textarea><\/span> <\/label>\n<\/p>\n<p><input class=\"wpcf7-form-control wpcf7-submit has-spinner\" type=\"submit\" value=\"Trimite mesajul\" \/>\n<\/p><div class=\"wpcf7-response-output\" aria-hidden=\"true\"><\/div>\n<\/form>\n<\/div>\n<\/div>\n\n\n\n<p><\/p>\n","protected":false},"excerpt":{"rendered":"<p>\ud83d\udcde Suntem aici pentru tine! Ai nevoie de consultan\u021b\u0103, ofert\u0103 personalizat\u0103 sau informa\u021bii suplimentare? Contacteaz\u0103-ne cu \u00eencredere folosind datele de mai jos sau formularul de contact. \ud83d\udd37 Date de contact: \ud83d\udd51 Program de lucru:<\/p>\n","protected":false},"author":1,"featured_media":0,"parent":0,"menu_order":0,"comment_status":"closed","ping_status":"closed","template":"","meta":{"footnotes":""},"class_list":["post-20","page","type-page","status-publish","hentry"],"_links":{"self":[{"href":"https:\/\/securitateincendiu.ro\/index.php\/wp-json\/wp\/v2\/pages\/20","targetHints":{"allow":["GET"]}}],"collection":[{"href":"https:\/\/securitateincendiu.ro\/index.php\/wp-json\/wp\/v2\/pages"}],"about":[{"href":"https:\/\/securitateincendiu.ro\/index.php\/wp-json\/wp\/v2\/types\/page"}],"author":[{"embeddable":true,"href":"https:\/\/securitateincendiu.ro\/index.php\/wp-json\/wp\/v2\/users\/1"}],"replies":[{"embeddable":true,"href":"https:\/\/securitateincendiu.ro\/index.php\/wp-json\/wp\/v2\/comments?post=20"}],"version-history":[{"count":7,"href":"https:\/\/securitateincendiu.ro\/index.php\/wp-json\/wp\/v2\/pages\/20\/revisions"}],"predecessor-version":[{"id":386,"href":"https:\/\/securitateincendiu.ro\/index.php\/wp-json\/wp\/v2\/pages\/20\/revisions\/386"}],"wp:attachment":[{"href":"https:\/\/securitateincendiu.ro\/index.php\/wp-json\/wp\/v2\/media?parent=20"}],"curies":[{"name":"wp","href":"https:\/\/api.w.org\/{rel}","templated":true}]}}